. Let o = z - -22. Let b(q) = -q**2 - 27*q - 18. Let w be b(-12). Calculate the greatest common factor of w and o.
18
Let w = 378 + -345. Calculate the highest common divisor of 33 and w.
33
Suppose 0 = 44*t - 36*t - 352. Let h = 102 - 58. What is the greatest common factor of t and h?
44
Let g be (-6 - 0 - -3)/((-3)/(-34)). Let v = g + 69. Calculate the highest common factor of v and 14.
7
Suppose -5*i - 2*b + 0*b = -55, i + 4*b = 11. Let t = -7 + i. Let x be (-38)/(-3) + t/12. What is the greatest common divisor of 143 and x?
13
Let c be (8*-1)/(4/(-24)). Suppose 1504 = 28*l + 15*l + 51*l. Calculate the greatest common factor of c and l.
16
Let t(w) be the first derivative of -w**3/3 - 21*w**2/2 + 10*w - 3. Let l = 2 + -13. Let b be t(l). What is the highest common divisor of b and 15?
15
Let p(o) = -91*o + 11. Let w be p(-7). Let j be (w/(-126))/(1/(-7)). Let v = 169 - 79. What is the highest common factor of j and v?
18
Let r(m) = -5*m + 9. Suppose -j + 2*u + u + 11 = 0, j - 4*u = 14. Suppose -j*d = d + 45. Let v be r(d). What is the greatest common factor of 12 and v?
12
Let g = 11 + -8. Suppose -5*x = -3*h + 85 - 7, -h + x = -24. Calculate the greatest common factor of g and h.
3
Let p(r) = r - 6. Let o be p(6). Suppose o = -27*s + 22*s. Let c be (-1 - -3) + s + 103. What is the highest common factor of 21 and c?
21
Suppose -18*y + 162 = -17*y. Let r(z) be the third derivative of 17*z**5/60 - z**4/24 + 2*z**2. Let m be r(-1). Calculate the highest common factor of m and y.
18
Suppose -2*l - 82 = -4*f, 7*f - 94 = 3*f - 2*l. Let h = 1194 - 1161. Calculate the highest common factor of h and f.
11
Let r = 127 + -119. Calculate the greatest common factor of r and 14.
2
Suppose -3*j + o = -187, 4*o + 5 = 25. Calculate the greatest common divisor of 16 and j.
16
Suppose -5*m + 59 = c, -c - 3*m + 1 = -56. Let s = 16 - 21. Let y be s/10 + 13/2. What is the greatest common factor of y and c?
6
Let u = -57 - -60. Suppose 0 = 2*j - 2*l - 10, -u*l + 0*l - 18 = -4*j. Calculate the highest common divisor of 33 and j.
3
Suppose -59*z + 25*z = -6732. What is the highest common factor of z and 1?
1
Let z = -77 + 103. Suppose 166 + z = 2*u. Calculate the greatest common factor of u and 24.
24
Let v(l) = -168*l + 35. Let s be v(-2). What is the greatest common divisor of 106 and s?
53
Let w = -45 - -49. Suppose 0 = -d - 2 + 34. Calculate the highest common factor of w and d.
4
Let j = 417 + -225. Calculate the highest common divisor of 528 and j.
48
Let m be (-6)/(-3)*3/6. Let q = m + 24. Let t = -23 + q. Calculate the highest common factor of t and 2.
2
Let q be 1/6 - (17 + 27709/(-66)). Calculate the greatest common factor of q and 62.
31
Let k = 1 - -3. Let h(m) be the first derivative of 4*m**3/3 - 3*m**2 - 7. Let y be h(k). What is the highest common factor of y and 8?
8
Let d(p) = -p**3 - 8*p**2 + 15*p + 26. Let u be d(-10). Calculate the highest common divisor of 76 and u.
76
Let g = -220 - -256. What is the highest common factor of g and 36?
36
Let p(r) = r**3 + r**2 - r + 64. Let s be p(0). Suppose 10 = 4*w - 2*w. Suppose w*m - s - 116 = 0. What is the greatest common factor of 180 and m?
36
Let n(d) = -d - 11. Let p be n(-9). Let s be -29*3/6*p. What is the highest common divisor of s and 29?
29
Let f be 6 + -3 - (1 - 1). Suppose 7*o - 3*o - 224 = 0. Let l be (-192)/o*(-21)/6. Calculate the highest common factor of l and f.
3
Suppose -2*s + 99 - 15 = 0. Suppose 317 = 3*d - 2*f, -4*d + 2*d = 5*f - 205. Calculate the greatest common factor of s and d.
21
Suppose 48 = j - 42. Suppose -114 + 198 = 3*m. Suppose 4*i = -2*g + m, 0 = 2*g + 3*i - 0*i - 30. What is the greatest common divisor of g and j?
18
Let f be (-32)/48 + 2/3. Suppose -6*o + o + 205 = f. What is the highest common factor of 369 and o?
41
Let y = -504 + 525. Calculate the highest common factor of y and 51.
3
Let k(i) = -i**2 + 8*i + 10. Suppose 2 = 2*t - 14. Let h be k(t). Calculate the greatest common divisor of h and 4.
2
Let k(a) = -4*a + 11. Let u be k(0). Calculate the greatest common factor of u and 44.
11
Suppose 1 + 7 = 4*s, -5*l = -3*s - 969. What is the highest common divisor of 45 and l?
15
Suppose -2*u - 5*f = 2*u - 30, 3*f = -5*u + 31. Suppose 0*k + 55 = u*k. Suppose 2518*d - 2511*d = 308. Calculate the highest common divisor of k and d.
11
Let c(m) = 23*m**2 + 86*m - 87. Let f be c(1). Let t be (-99)/(-6)*4/6. What is the highest common factor of f and t?
11
Let f(x) = 32*x + 262. Let s be f(-6). Suppose -4*j - 8 = 4*l - 2*j, 0 = -l - j - 4. Suppose l*y - 10 = -y. What is the greatest common factor of y and s?
10
Let f be (2/8)/((-2)/(-8)). Let o be 3 + 84 + f/1. Let l(t) = -3*t + 11. Let a be l(0). Calculate the greatest common divisor of o and a.
11
Suppose 0 = -j + 55 + 50. Suppose -2*l + 95 = -45. What is the greatest common divisor of j and l?
35
Suppose 0 = -2*j - 10, -4*n - 3*j - 100 = -9*n. Suppose 0 = -3*k + 5*f + 128, -f = 2*k - 65 - 42. What is the highest common divisor of k and n?
17
Let i(f) = f - 7. Let r(w) = -6*w + 36 + 5 + 7. Let y(n) = 15*i(n) + 2*r(n). Let l be y(5). What is the highest common divisor of 54 and l?
6
Suppose 6 = y - 7. Let h be 692/6 + (-8)/(-12). Let u = 168 - h. What is the greatest common divisor of u and y?
13
Suppose 5*t - 52 = 38. Suppose 0 = -13*u - 719 + 1283 + 1308. What is the highest common divisor of u and t?
18
Let j(m) = -184*m - 940. Let n be j(-7). Calculate the greatest common factor of 48 and n.
12
Suppose j - 3*h = 3*j - 14, 2*j + h = 14. Calculate the highest common divisor of j and 49.
7
Suppose 0 = -5*r - 1168 + 393. Let o be (r/10)/((-4)/8). Let a = 533 - 254. Calculate the greatest common factor of a and o.
31
Suppose -2*g = -g - 9. Suppose g + 6 = x. Calculate the highest common divisor of 15 and x.
15
Let l be (-1 + 1)*(3 - 4). Suppose j = -l*j + 4. Let n = 9 - j. What is the greatest common divisor of 15 and n?
5
Let a be -14*(-2)/8*240/35. What is the highest common divisor of a and 3048?
24
Let q be (48/10)/(12/320). What is the greatest common divisor of q and 16?
16
Let j be -1*6 - (11 - 22). What is the greatest common factor of j and 475?
5
Let x(a) = 10*a**2 - 2*a + 1. Let l = -21 - -22. Let o be x(l). Let m be -18*((-70)/(-4))/(-5). What is the greatest common factor of m and o?
9
Let v(c) = -1 + 3 - 11*c - 3 - 3. Let z(y) = y**3 - 6*y**2 + 5*y - 4. Let f be z(5). Let n be v(f). Calculate the greatest common divisor of 10 and n.
10
Suppose -454 - 6 = -23*p. Suppose -q = 5*q - 72. What is the greatest common factor of p and q?
4
Let a = 1 - 2. Let p be -1*(a - 1)*-5. Let t be (-44)/p*(-10)/(-4). What is the highest common factor of 22 and t?
11
Let n be (-8)/(-12)*27/6. Suppose -3*p + 96 = n*h, 0 = 4*p + 2*h - 119 - 13. Calculate the greatest common divisor of 85 and p.
17
Let x be (12/5)/((-6)/(-15)). Suppose 3*i - 12 = 0, 4*c - 10 = i - 2. Suppose c*k - 6 = 0, k = 6*b - b - 118. Calculate the highest common divisor of b and x.
6
Let o be (1 - 7)/6 - -206. What is the highest common divisor of o and 41?
41
Let x be 3/(-2) + 2 - 14232/48. Let t = 526 + x. Calculate the greatest common factor of 46 and t.
46
Suppose 2*d = -2*d - 2*w + 4, 0 = -4*d - 3*w + 4. Let t be d*28/(-8)*114. Let l be 2/3 - t/9. What is the greatest common factor of l and 5?
5
Let h be 0 + -1 + 5 + 3. Suppose 2*l - h - 13 = -3*a, 4*a - 3*l = 4. Let n be a + -8 + 28 + 0. What is the greatest common factor of n and 16?
8
Let y = 375 + -345. What is the greatest common factor of 645 and y?
15
Let z = -223 - -227. Calculate the greatest common factor of 7 and z.
1
Suppose 2*n = 3*b - 114, -2*n - 47 = -n + b. Let u = -50 - n. Calculate the greatest common factor of 8 and u.
1
Let o be -3 + 2 + 0 + 5. Let w be (-1)/(-1)*-2 - -117. Suppose r - 3 = 0, -5*r + o*r + w = x. What is the highest common divisor of x and 16?
16
Let z be 42/15 + 7/35. Calculate the greatest common factor of 2 and z.
1
Let k be (-6)/4 - ((-23490)/20)/29. What is the highest common divisor of k and 65?
13
Suppose 2*w - 208 = -3*j - j, 4*j - 214 = -5*w. Let t = 5 + j. What is the greatest common divisor of t and 8?
8
Suppose 19 = n - 44. Calculate the greatest common factor of 42 and n.
21
Let m(s) = 3*s**2 - 5*s + 46. Let j be m(12). What is the greatest common f